{"id":340,"date":"2021-05-23T08:34:42","date_gmt":"2021-05-23T08:34:42","guid":{"rendered":"http:\/\/sspr.no\/?page_id=340"},"modified":"2021-09-18T10:26:50","modified_gmt":"2021-09-18T10:26:50","slug":"elevradskontakt-og-elevrad","status":"publish","type":"page","link":"https:\/\/old.sspr.no\/?page_id=340","title":{"rendered":"Elevr\u00e5dskontakt og elevr\u00e5d"},"content":{"rendered":"\n<p>Elevr\u00e5det ved Steinerskolen p\u00e5 Rotvoll har en sv\u00e6rt viktig funksjon. Demokrati, medvirkning, respekt, inkludering, solidaritet og utvikling er sentrale stikkord i alt vi foretar oss som skole &#8211; her har elevr\u00e5det en viktig stemme inn i sm\u00e5 og store prosesser ved skolen.<\/p>\n\n\n\n<figure class=\"wp-block-table\"><table><tbody><tr><td><strong>Klasse<\/strong><\/td><td><strong>Elevr\u00e5d<\/strong><\/td><td><strong>Vara<\/strong><\/td><\/tr><tr><td>5. klasse<\/td><td>Tilda, Tian<\/td><td>Ella, Izel<\/td><\/tr><tr><td>6. klasse<\/td><td>Tida, Trygve<\/td><td>Sigve<\/td><\/tr><tr><td>7. klasse<\/td><td>Freya, Adrian<\/td><td><\/td><\/tr><tr><td>8. klasse<\/td><td>Karl Erik, Leo<\/td><td>Aven<\/td><\/tr><tr><td>9. klasse<\/td><td>Johannes<\/td><td>Amalie, Sofie<\/td><\/tr><tr><td>10. klasse<\/td><td>Jan Angelo, Kristian<\/td><td>Live, Eira<\/td><\/tr><tr><td>Elevr\u00e5dskontakt<\/td><td>Malin<\/td><td><\/td><\/tr><\/tbody><\/table><\/figure>\n\n\n\n<p><strong>\u00c5rshjul for elevr\u00e5det<\/strong><\/p>\n\n\n\n<p><a href=\"http:\/\/sspr.no\/wp-content\/uploads\/2021\/09\/A\u030arshjul-over-temaer-elevra\u030adet.pdf\">http:\/\/sspr.no\/wp-content\/uploads\/2021\/09\/A\u030arshjul-over-temaer-elevra\u030adet.pdf<\/a><\/p>\n","protected":false},"excerpt":{"rendered":"<p>Elevr\u00e5det ved Steinerskolen p\u00e5 Rotvoll har en sv\u00e6rt viktig funksjon. Demokrati, medvirkning, respekt, inkludering, solidaritet og utvikling er sentrale stikkord i alt vi foretar oss som skole &#8211; her har elevr\u00e5det en viktig stemme inn i sm\u00e5 og store prosesser &hellip; <a href=\"https:\/\/old.sspr.no\/?page_id=340\">Les videre <span class=\"meta-nav\">&rarr;<\/span><\/a><\/p>\n","protected":false},"author":1,"featured_media":0,"parent":0,"menu_order":0,"comment_status":"closed","ping_status":"closed","template":"","meta":{"_mc_calendar":[],"footnotes":""},"class_list":["post-340","page","type-page","status-publish","hentry"],"_links":{"self":[{"href":"https:\/\/old.sspr.no\/index.php?rest_route=\/wp\/v2\/pages\/340","targetHints":{"allow":["GET"]}}],"collection":[{"href":"https:\/\/old.sspr.no\/index.php?rest_route=\/wp\/v2\/pages"}],"about":[{"href":"https:\/\/old.sspr.no\/index.php?rest_route=\/wp\/v2\/types\/page"}],"author":[{"embeddable":true,"href":"https:\/\/old.sspr.no\/index.php?rest_route=\/wp\/v2\/users\/1"}],"replies":[{"embeddable":true,"href":"https:\/\/old.sspr.no\/index.php?rest_route=%2Fwp%2Fv2%2Fcomments&post=340"}],"version-history":[{"count":10,"href":"https:\/\/old.sspr.no\/index.php?rest_route=\/wp\/v2\/pages\/340\/revisions"}],"predecessor-version":[{"id":1129,"href":"https:\/\/old.sspr.no\/index.php?rest_route=\/wp\/v2\/pages\/340\/revisions\/1129"}],"wp:attachment":[{"href":"https:\/\/old.sspr.no\/index.php?rest_route=%2Fwp%2Fv2%2Fmedia&parent=340"}],"curies":[{"name":"wp","href":"https:\/\/api.w.org\/{rel}","templated":true}]}}