{"id":134,"date":"2021-05-20T18:55:36","date_gmt":"2021-05-20T18:55:36","guid":{"rendered":"http:\/\/sspr.no\/?page_id=134"},"modified":"2022-12-31T11:52:33","modified_gmt":"2022-12-31T11:52:33","slug":"hjem","status":"publish","type":"page","link":"https:\/\/old.sspr.no\/","title":{"rendered":"Hjem"},"content":{"rendered":"\n<p class=\"has-text-align-left\">Velkommen til Steinerskolen p\u00e5 Rotvoll sine nettsider. Her vil du finne praktisk informasjon om skolen og hva vi tilbyr av undervisning og aktivitet. <\/p>\n\n\n\n<p class=\"has-text-align-left\">V\u00e5r visjon er at Steinerskolen p\u00e5 Rotvoll skal v\u00e6re skolen der elevene utvikler sine tanker, sitt livsmot og sine skapende evner i m\u00f8te med naturen, h\u00e5ndverket og kunsten.<\/p>\n\n\n\n<p><strong>Godt nytt \u00e5r!<\/strong><\/p>\n\n\n\n<figure class=\"wp-block-image size-large is-style-default\"><img loading=\"lazy\" decoding=\"async\" width=\"1024\" height=\"780\" src=\"http:\/\/sspr.no\/wp-content\/uploads\/2022\/12\/Bilde-31.12.2022-klokken-12.41-1024x780.jpg\" alt=\"\" class=\"wp-image-1866\" srcset=\"https:\/\/old.sspr.no\/wp-content\/uploads\/2022\/12\/Bilde-31.12.2022-klokken-12.41-1024x780.jpg 1024w, https:\/\/old.sspr.no\/wp-content\/uploads\/2022\/12\/Bilde-31.12.2022-klokken-12.41-300x228.jpg 300w, https:\/\/old.sspr.no\/wp-content\/uploads\/2022\/12\/Bilde-31.12.2022-klokken-12.41-768x585.jpg 768w, https:\/\/old.sspr.no\/wp-content\/uploads\/2022\/12\/Bilde-31.12.2022-klokken-12.41-1536x1169.jpg 1536w, https:\/\/old.sspr.no\/wp-content\/uploads\/2022\/12\/Bilde-31.12.2022-klokken-12.41.jpg 1634w\" sizes=\"auto, (max-width: 1024px) 100vw, 1024px\" \/><figcaption class=\"wp-element-caption\">Kollegiet ved Steinerskolen p\u00e5 Rotvoll \u00f8nsker alle godt nytt \u00e5r!<\/figcaption><\/figure>\n\n\n\n<p><strong>Informasjonsfilm fra Steinerskoleforbundet<\/strong><\/p>\n\n\n\n<figure class=\"wp-block-embed aligncenter is-type-video is-provider-youtube wp-block-embed-youtube wp-embed-aspect-16-9 wp-has-aspect-ratio\"><div class=\"wp-block-embed__wrapper\">\n<iframe loading=\"lazy\" title=\"Informasjonsfilm om Steinerskolen\" width=\"640\" height=\"360\" src=\"https:\/\/www.youtube.com\/embed\/IAPYB832_BM?feature=oembed\" frameborder=\"0\" allow=\"accelerometer; autoplay; clipboard-write; encrypted-media; gyroscope; picture-in-picture; web-share\" referrerpolicy=\"strict-origin-when-cross-origin\" allowfullscreen><\/iframe>\n<\/div><\/figure>\n\n\n\n<p><strong>Steinerskolen p\u00e5 Rotvoll sitt bildegalleri<\/strong><\/p>\n\n\n\n<figure class=\"wp-block-gallery has-nested-images columns-5 is-cropped wp-block-gallery-1 is-layout-flex wp-block-gallery-is-layout-flex\">\n<figure class=\"wp-block-image size-large is-style-default\"><img loading=\"lazy\" decoding=\"async\" width=\"720\" height=\"960\" data-id=\"283\" src=\"http:\/\/sspr.no\/wp-content\/uploads\/2021\/05\/Leirfivel.jpg\" alt=\"\" class=\"wp-image-283\" srcset=\"https:\/\/old.sspr.no\/wp-content\/uploads\/2021\/05\/Leirfivel.jpg 720w, https:\/\/old.sspr.no\/wp-content\/uploads\/2021\/05\/Leirfivel-225x300.jpg 225w\" sizes=\"auto, (max-width: 720px) 100vw, 720px\" \/><\/figure>\n\n\n\n<figure class=\"wp-block-image size-large is-style-default\"><img loading=\"lazy\" decoding=\"async\" width=\"960\" height=\"720\" data-id=\"286\" src=\"http:\/\/sspr.no\/wp-content\/uploads\/2021\/05\/Vassing.jpg\" alt=\"\" class=\"wp-image-286\" srcset=\"https:\/\/old.sspr.no\/wp-content\/uploads\/2021\/05\/Vassing.jpg 960w, https:\/\/old.sspr.no\/wp-content\/uploads\/2021\/05\/Vassing-300x225.jpg 300w, https:\/\/old.sspr.no\/wp-content\/uploads\/2021\/05\/Vassing-768x576.jpg 768w\" sizes=\"auto, (max-width: 960px) 100vw, 960px\" \/><\/figure>\n\n\n\n<figure class=\"wp-block-image size-large is-style-default\"><img loading=\"lazy\" decoding=\"async\" width=\"880\" height=\"960\" data-id=\"255\" src=\"http:\/\/sspr.no\/wp-content\/uploads\/2021\/05\/Nyfodte-lam.jpg\" alt=\"\" class=\"wp-image-255\" srcset=\"https:\/\/old.sspr.no\/wp-content\/uploads\/2021\/05\/Nyfodte-lam.jpg 880w, https:\/\/old.sspr.no\/wp-content\/uploads\/2021\/05\/Nyfodte-lam-275x300.jpg 275w, https:\/\/old.sspr.no\/wp-content\/uploads\/2021\/05\/Nyfodte-lam-768x838.jpg 768w\" sizes=\"auto, (max-width: 880px) 100vw, 880px\" \/><\/figure>\n\n\n\n<figure class=\"wp-block-image size-large is-style-default\"><img decoding=\"async\" data-id=\"261\" src=\"http:\/\/sspr.no\/wp-content\/uploads\/2021\/05\/Hamring-p\u00e5-ambolten.jpg\" alt=\"\" class=\"wp-image-261\"\/><\/figure>\n\n\n\n<figure class=\"wp-block-image size-large is-style-default\"><img decoding=\"async\" data-id=\"237\" src=\"http:\/\/sspr.no\/wp-content\/uploads\/2021\/05\/Malte-p\u00e5skeegg.jpg\" alt=\"\" class=\"wp-image-237\"\/><\/figure>\n\n\n\n<figure class=\"wp-block-image size-large is-style-default\"><img loading=\"lazy\" decoding=\"async\" width=\"960\" height=\"960\" data-id=\"233\" src=\"http:\/\/sspr.no\/wp-content\/uploads\/2021\/05\/Trollfjorden.jpg\" alt=\"\" class=\"wp-image-233\" srcset=\"https:\/\/old.sspr.no\/wp-content\/uploads\/2021\/05\/Trollfjorden.jpg 960w, https:\/\/old.sspr.no\/wp-content\/uploads\/2021\/05\/Trollfjorden-300x300.jpg 300w, https:\/\/old.sspr.no\/wp-content\/uploads\/2021\/05\/Trollfjorden-150x150.jpg 150w, https:\/\/old.sspr.no\/wp-content\/uploads\/2021\/05\/Trollfjorden-768x768.jpg 768w\" sizes=\"auto, (max-width: 960px) 100vw, 960px\" \/><\/figure>\n\n\n\n<figure class=\"wp-block-image size-large is-style-default\"><img loading=\"lazy\" decoding=\"async\" width=\"720\" height=\"960\" data-id=\"259\" src=\"http:\/\/sspr.no\/wp-content\/uploads\/2021\/05\/Grua.jpg\" alt=\"\" class=\"wp-image-259\" srcset=\"https:\/\/old.sspr.no\/wp-content\/uploads\/2021\/05\/Grua.jpg 720w, https:\/\/old.sspr.no\/wp-content\/uploads\/2021\/05\/Grua-225x300.jpg 225w\" sizes=\"auto, (max-width: 720px) 100vw, 720px\" \/><\/figure>\n\n\n\n<figure class=\"wp-block-image size-large is-style-default\"><img loading=\"lazy\" decoding=\"async\" width=\"600\" height=\"800\" data-id=\"234\" src=\"http:\/\/sspr.no\/wp-content\/uploads\/2021\/05\/Epler-og-paerer.jpg\" alt=\"\" class=\"wp-image-234\" srcset=\"https:\/\/old.sspr.no\/wp-content\/uploads\/2021\/05\/Epler-og-paerer.jpg 600w, https:\/\/old.sspr.no\/wp-content\/uploads\/2021\/05\/Epler-og-paerer-225x300.jpg 225w\" sizes=\"auto, (max-width: 600px) 100vw, 600px\" \/><\/figure>\n\n\n\n<figure class=\"wp-block-image size-large is-style-default\"><img loading=\"lazy\" decoding=\"async\" width=\"720\" height=\"960\" data-id=\"262\" src=\"http:\/\/sspr.no\/wp-content\/uploads\/2021\/05\/Hender-og-smijern.jpg\" alt=\"\" class=\"wp-image-262\" srcset=\"https:\/\/old.sspr.no\/wp-content\/uploads\/2021\/05\/Hender-og-smijern.jpg 720w, https:\/\/old.sspr.no\/wp-content\/uploads\/2021\/05\/Hender-og-smijern-225x300.jpg 225w\" sizes=\"auto, (max-width: 720px) 100vw, 720px\" \/><\/figure>\n\n\n\n<figure class=\"wp-block-image size-large is-style-default\"><img loading=\"lazy\" decoding=\"async\" width=\"580\" height=\"435\" data-id=\"256\" src=\"http:\/\/sspr.no\/wp-content\/uploads\/2021\/05\/Utplanting.jpg\" alt=\"\" class=\"wp-image-256\" srcset=\"https:\/\/old.sspr.no\/wp-content\/uploads\/2021\/05\/Utplanting.jpg 580w, https:\/\/old.sspr.no\/wp-content\/uploads\/2021\/05\/Utplanting-300x225.jpg 300w\" sizes=\"auto, (max-width: 580px) 100vw, 580px\" \/><\/figure>\n<\/figure>\n\n\n\n<ul class=\"wp-block-social-links has-large-icon-size has-icon-color is-style-logos-only is-layout-flex wp-block-social-links-is-layout-flex\"><li style=\"color:#0066cc;\" class=\"wp-social-link wp-social-link-chain has-blue-color wp-block-social-link\"><a rel=\"noopener nofollow\" target=\"_blank\" href=\"https:\/\/www.facebook.com\/steinerskolenrotvoll\" class=\"wp-block-social-link-anchor\"><svg width=\"24\" height=\"24\" viewBox=\"0 0 24 24\" version=\"1.1\" xmlns=\"http:\/\/www.w3.org\/2000\/svg\" aria-hidden=\"true\" focusable=\"false\"><path d=\"M15.6,7.2H14v1.5h1.6c2,0,3.7,1.7,3.7,3.7s-1.7,3.7-3.7,3.7H14v1.5h1.6c2.8,0,5.2-2.3,5.2-5.2,0-2.9-2.3-5.2-5.2-5.2zM4.7,12.4c0-2,1.7-3.7,3.7-3.7H10V7.2H8.4c-2.9,0-5.2,2.3-5.2,5.2,0,2.9,2.3,5.2,5.2,5.2H10v-1.5H8.4c-2,0-3.7-1.7-3.7-3.7zm4.6.9h5.3v-1.5H9.3v1.5z\"><\/path><\/svg><span class=\"wp-block-social-link-label screen-reader-text\">Facebook<\/span><\/a><\/li><\/ul>\n","protected":false},"excerpt":{"rendered":"<p>Velkommen til Steinerskolen p\u00e5 Rotvoll sine nettsider. Her vil du finne praktisk informasjon om skolen og hva vi tilbyr av undervisning og aktivitet. V\u00e5r visjon er at Steinerskolen p\u00e5 Rotvoll skal v\u00e6re skolen der elevene utvikler sine tanker, sitt livsmot &hellip; <a href=\"https:\/\/old.sspr.no\/\">Les videre <span class=\"meta-nav\">&rarr;<\/span><\/a><\/p>\n","protected":false},"author":1,"featured_media":0,"parent":0,"menu_order":0,"comment_status":"closed","ping_status":"closed","template":"","meta":{"_mc_calendar":[],"footnotes":""},"class_list":["post-134","page","type-page","status-publish","hentry"],"_links":{"self":[{"href":"https:\/\/old.sspr.no\/index.php?rest_route=\/wp\/v2\/pages\/134","targetHints":{"allow":["GET"]}}],"collection":[{"href":"https:\/\/old.sspr.no\/index.php?rest_route=\/wp\/v2\/pages"}],"about":[{"href":"https:\/\/old.sspr.no\/index.php?rest_route=\/wp\/v2\/types\/page"}],"author":[{"embeddable":true,"href":"https:\/\/old.sspr.no\/index.php?rest_route=\/wp\/v2\/users\/1"}],"replies":[{"embeddable":true,"href":"https:\/\/old.sspr.no\/index.php?rest_route=%2Fwp%2Fv2%2Fcomments&post=134"}],"version-history":[{"count":47,"href":"https:\/\/old.sspr.no\/index.php?rest_route=\/wp\/v2\/pages\/134\/revisions"}],"predecessor-version":[{"id":1868,"href":"https:\/\/old.sspr.no\/index.php?rest_route=\/wp\/v2\/pages\/134\/revisions\/1868"}],"wp:attachment":[{"href":"https:\/\/old.sspr.no\/index.php?rest_route=%2Fwp%2Fv2%2Fmedia&parent=134"}],"curies":[{"name":"wp","href":"https:\/\/api.w.org\/{rel}","templated":true}]}}